{"id":44,"date":"2024-10-01T21:40:25","date_gmt":"2024-10-01T19:40:25","guid":{"rendered":"http:\/\/agazuchowska.design\/?page_id=44"},"modified":"2026-04-16T14:26:50","modified_gmt":"2026-04-16T12:26:50","slug":"projekty","status":"publish","type":"page","link":"https:\/\/agazuchowska.design\/?page_id=44","title":{"rendered":"Projekty"},"content":{"rendered":"\t\t<div data-elementor-type=\"wp-page\" data-elementor-id=\"44\" class=\"elementor elementor-44\" data-elementor-post-type=\"page\">\n\t\t\t\t<div class=\"elementor-element elementor-element-7bd94860 e-flex e-con-boxed e-con e-parent\" data-id=\"7bd94860\" data-element_type=\"container\">\n\t\t\t\t\t<div class=\"e-con-inner\">\n\t\t\t\t<div class=\"elementor-element elementor-element-152746e8 elementor-grid-2 elementor-grid-tablet-2 elementor-grid-mobile-1 elementor-posts--thumbnail-top elementor-widget elementor-widget-posts\" data-id=\"152746e8\" data-element_type=\"widget\" data-settings=\"{&quot;classic_columns&quot;:&quot;2&quot;,&quot;classic_row_gap&quot;:{&quot;unit&quot;:&quot;px&quot;,&quot;size&quot;:15,&quot;sizes&quot;:[]},&quot;classic_columns_tablet&quot;:&quot;2&quot;,&quot;classic_columns_mobile&quot;:&quot;1&quot;,&quot;classic_row_gap_tablet&quot;:{&quot;unit&quot;:&quot;px&quot;,&quot;size&quot;:&quot;&quot;,&quot;sizes&quot;:[]},&quot;classic_row_gap_mobile&quot;:{&quot;unit&quot;:&quot;px&quot;,&quot;size&quot;:&quot;&quot;,&quot;sizes&quot;:[]}}\" data-widget_type=\"posts.classic\">\n\t\t\t\t<div class=\"elementor-widget-container\">\n\t\t\t\t\t<div class=\"elementor-posts-container elementor-posts elementor-posts--skin-classic elementor-grid\">\n\t\t\t\t<article class=\"elementor-post elementor-grid-item post-246 post type-post status-publish format-standard has-post-thumbnail hentry category-budynki-publiczne\">\n\t\t\t\t<a class=\"elementor-post__thumbnail__link\" href=\"https:\/\/agazuchowska.design\/?p=246\" tabindex=\"-1\" >\n\t\t\t<div class=\"elementor-post__thumbnail\"><img fetchpriority=\"high\" decoding=\"async\" width=\"2560\" height=\"1439\" src=\"https:\/\/agazuchowska.design\/wp-content\/uploads\/2026\/04\/DSC03781-2-scaled.jpeg\" class=\"attachment-full size-full wp-image-249\" alt=\"\" srcset=\"https:\/\/agazuchowska.design\/wp-content\/uploads\/2026\/04\/DSC03781-2-scaled.jpeg 2560w, https:\/\/agazuchowska.design\/wp-content\/uploads\/2026\/04\/DSC03781-2-300x169.jpeg 300w, https:\/\/agazuchowska.design\/wp-content\/uploads\/2026\/04\/DSC03781-2-1024x576.jpeg 1024w, https:\/\/agazuchowska.design\/wp-content\/uploads\/2026\/04\/DSC03781-2-768x432.jpeg 768w, https:\/\/agazuchowska.design\/wp-content\/uploads\/2026\/04\/DSC03781-2-1536x864.jpeg 1536w, https:\/\/agazuchowska.design\/wp-content\/uploads\/2026\/04\/DSC03781-2-2048x1152.jpeg 2048w\" sizes=\"(max-width: 2560px) 100vw, 2560px\" \/><\/div>\n\t\t<\/a>\n\t\t\t\t<div class=\"elementor-post__text\">\n\t\t\t\t<h3 class=\"elementor-post__title\">\n\t\t\t<a href=\"https:\/\/agazuchowska.design\/?p=246\" >\n\t\t\t\tSIE\u0106 SALON\u00d3W MASA\u017bU TAJSKIEGO \u2022 SHIVAGO SPA\t\t\t<\/a>\n\t\t<\/h3>\n\t\t\t\t<\/div>\n\t\t\t\t<\/article>\n\t\t\t\t<article class=\"elementor-post elementor-grid-item post-51 post type-post status-publish format-standard has-post-thumbnail hentry category-budynki-publiczne\">\n\t\t\t\t<a class=\"elementor-post__thumbnail__link\" href=\"https:\/\/agazuchowska.design\/?p=51\" tabindex=\"-1\" >\n\t\t\t<div class=\"elementor-post__thumbnail\"><img decoding=\"async\" width=\"1439\" height=\"2560\" src=\"https:\/\/agazuchowska.design\/wp-content\/uploads\/2023\/10\/DSC09088-scaled-1.jpg\" class=\"attachment-full size-full wp-image-52\" alt=\"\" srcset=\"https:\/\/agazuchowska.design\/wp-content\/uploads\/2023\/10\/DSC09088-scaled-1.jpg 1439w, https:\/\/agazuchowska.design\/wp-content\/uploads\/2023\/10\/DSC09088-scaled-1-169x300.jpg 169w, https:\/\/agazuchowska.design\/wp-content\/uploads\/2023\/10\/DSC09088-scaled-1-576x1024.jpg 576w, https:\/\/agazuchowska.design\/wp-content\/uploads\/2023\/10\/DSC09088-scaled-1-768x1366.jpg 768w, https:\/\/agazuchowska.design\/wp-content\/uploads\/2023\/10\/DSC09088-scaled-1-863x1536.jpg 863w, https:\/\/agazuchowska.design\/wp-content\/uploads\/2023\/10\/DSC09088-scaled-1-1151x2048.jpg 1151w\" sizes=\"(max-width: 1439px) 100vw, 1439px\" \/><\/div>\n\t\t<\/a>\n\t\t\t\t<div class=\"elementor-post__text\">\n\t\t\t\t<h3 class=\"elementor-post__title\">\n\t\t\t<a href=\"https:\/\/agazuchowska.design\/?p=51\" >\n\t\t\t\tSALON BARBERSKI GREJ BARBER\u2022SPA\u2022NATURE\t\t\t<\/a>\n\t\t<\/h3>\n\t\t\t\t<\/div>\n\t\t\t\t<\/article>\n\t\t\t\t<\/div>\n\t\t\n\t\t\t\t<\/div>\n\t\t\t\t<\/div>\n\t\t\t\t\t<\/div>\n\t\t\t\t<\/div>\n\t\t\t\t<\/div>\n\t\t","protected":false},"excerpt":{"rendered":"","protected":false},"author":1,"featured_media":0,"parent":0,"menu_order":0,"comment_status":"closed","ping_status":"closed","template":"","meta":{"footnotes":""},"class_list":["post-44","page","type-page","status-publish","hentry"],"_links":{"self":[{"href":"https:\/\/agazuchowska.design\/index.php?rest_route=\/wp\/v2\/pages\/44","targetHints":{"allow":["GET"]}}],"collection":[{"href":"https:\/\/agazuchowska.design\/index.php?rest_route=\/wp\/v2\/pages"}],"about":[{"href":"https:\/\/agazuchowska.design\/index.php?rest_route=\/wp\/v2\/types\/page"}],"author":[{"embeddable":true,"href":"https:\/\/agazuchowska.design\/index.php?rest_route=\/wp\/v2\/users\/1"}],"replies":[{"embeddable":true,"href":"https:\/\/agazuchowska.design\/index.php?rest_route=%2Fwp%2Fv2%2Fcomments&post=44"}],"version-history":[{"count":10,"href":"https:\/\/agazuchowska.design\/index.php?rest_route=\/wp\/v2\/pages\/44\/revisions"}],"predecessor-version":[{"id":270,"href":"https:\/\/agazuchowska.design\/index.php?rest_route=\/wp\/v2\/pages\/44\/revisions\/270"}],"wp:attachment":[{"href":"https:\/\/agazuchowska.design\/index.php?rest_route=%2Fwp%2Fv2%2Fmedia&parent=44"}],"curies":[{"name":"wp","href":"https:\/\/api.w.org\/{rel}","templated":true}]}}