{"id":35,"date":"2024-10-01T21:40:20","date_gmt":"2024-10-01T19:40:20","guid":{"rendered":"http:\/\/agazuchowska.design\/?page_id=35"},"modified":"2026-04-16T13:54:08","modified_gmt":"2026-04-16T11:54:08","slug":"o-mnie","status":"publish","type":"page","link":"https:\/\/agazuchowska.design\/?page_id=35","title":{"rendered":"O MNIE"},"content":{"rendered":"\t\t<div data-elementor-type=\"wp-page\" data-elementor-id=\"35\" class=\"elementor elementor-35\" data-elementor-post-type=\"page\">\n\t\t\t\t<div class=\"elementor-element elementor-element-82f1862 e-flex e-con-boxed e-con e-parent\" data-id=\"82f1862\" data-element_type=\"container\" data-settings=\"{&quot;background_background&quot;:&quot;classic&quot;}\">\n\t\t\t\t\t<div class=\"e-con-inner\">\n\t\t\t\t<div class=\"elementor-element elementor-element-a28b9eb elementor-widget elementor-widget-spacer\" data-id=\"a28b9eb\" data-element_type=\"widget\" data-widget_type=\"spacer.default\">\n\t\t\t\t<div class=\"elementor-widget-container\">\n\t\t\t\t\t<div class=\"elementor-spacer\">\n\t\t\t<div class=\"elementor-spacer-inner\"><\/div>\n\t\t<\/div>\n\t\t\t\t<\/div>\n\t\t\t\t<\/div>\n\t\t\t\t\t<\/div>\n\t\t\t\t<\/div>\n\t\t<div class=\"elementor-element elementor-element-1685438 e-flex e-con-boxed e-con e-parent\" data-id=\"1685438\" data-element_type=\"container\" data-settings=\"{&quot;background_background&quot;:&quot;classic&quot;}\">\n\t\t\t\t\t<div class=\"e-con-inner\">\n\t\t<div class=\"elementor-element elementor-element-4c51113 e-con-full e-flex e-con e-child\" data-id=\"4c51113\" data-element_type=\"container\" data-settings=\"{&quot;background_background&quot;:&quot;classic&quot;}\">\n\t\t\t\t<div class=\"elementor-element elementor-element-f6e6407 elementor-widget elementor-widget-spacer\" data-id=\"f6e6407\" data-element_type=\"widget\" data-widget_type=\"spacer.default\">\n\t\t\t\t<div class=\"elementor-widget-container\">\n\t\t\t\t\t<div class=\"elementor-spacer\">\n\t\t\t<div class=\"elementor-spacer-inner\"><\/div>\n\t\t<\/div>\n\t\t\t\t<\/div>\n\t\t\t\t<\/div>\n\t\t\t\t<\/div>\n\t\t<div class=\"elementor-element elementor-element-88db096 e-con-full e-flex e-con e-child\" data-id=\"88db096\" data-element_type=\"container\" data-settings=\"{&quot;background_background&quot;:&quot;classic&quot;}\">\n\t\t\t\t<div class=\"elementor-element elementor-element-78dda9f elementor-widget elementor-widget-heading\" data-id=\"78dda9f\" data-element_type=\"widget\" data-widget_type=\"heading.default\">\n\t\t\t\t<div class=\"elementor-widget-container\">\n\t\t\t<h2 class=\"elementor-heading-title elementor-size-default\">To przyjemno\u015b\u0107 go\u015bci\u0107 ci\u0119 w tej przestrzeni.<\/h2>\t\t<\/div>\n\t\t\t\t<\/div>\n\t\t\t\t<div class=\"elementor-element elementor-element-6e3c103 elementor-widget elementor-widget-text-editor\" data-id=\"6e3c103\" data-element_type=\"widget\" data-widget_type=\"text-editor.default\">\n\t\t\t\t<div class=\"elementor-widget-container\">\n\t\t\t\t\t\t\t<div><i>Nazywam si\u0119 Agnieszka \u017buchowska i jestem projektantem wn\u0119trz, specjalizuj\u0105cym si\u0119 w tworzeniu unikalnych i harmonijnych miejsc. Moje projekty \u0142\u0105cz\u0105 nowoczesny design z indywidualnym stylem ka\u017cdego klienta, gdzie elegancja spotyka funkcjonalno\u015b\u0107. Z pasj\u0105 \u015bledz\u0119 najnowsze trendy i dbam o najdrobniejsze detale, przekszta\u0142caj\u0105c marzenia w rzeczywisto\u015b\u0107. Tworz\u0119 przestrzenie, w kt\u00f3rych chce si\u0119 \u017cy\u0107, pracowa\u0107 i odpoczywa\u0107<\/i><\/div><div>\u00a0<\/div><div><div><b>Serdecznie zapraszam do wsp\u00f3\u0142pracy. <\/b><b>Stworz\u0119 dla Ciebie dobre wn\u0119trze.<\/b><\/div><\/div>\t\t\t\t\t\t<\/div>\n\t\t\t\t<\/div>\n\t\t\t\t<div class=\"elementor-element elementor-element-8838a35 elementor-widget elementor-widget-image\" data-id=\"8838a35\" data-element_type=\"widget\" data-widget_type=\"image.default\">\n\t\t\t\t<div class=\"elementor-widget-container\">\n\t\t\t\t\t\t\t\t\t\t\t\t\t<img fetchpriority=\"high\" decoding=\"async\" width=\"800\" height=\"343\" src=\"https:\/\/agazuchowska.design\/wp-content\/uploads\/2024\/10\/AgaZuchowska_podpis-1024x439.png\" class=\"attachment-large size-large wp-image-37\" alt=\"\" srcset=\"https:\/\/agazuchowska.design\/wp-content\/uploads\/2024\/10\/AgaZuchowska_podpis-1024x439.png 1024w, https:\/\/agazuchowska.design\/wp-content\/uploads\/2024\/10\/AgaZuchowska_podpis-300x129.png 300w, https:\/\/agazuchowska.design\/wp-content\/uploads\/2024\/10\/AgaZuchowska_podpis-768x329.png 768w, https:\/\/agazuchowska.design\/wp-content\/uploads\/2024\/10\/AgaZuchowska_podpis-1536x658.png 1536w, https:\/\/agazuchowska.design\/wp-content\/uploads\/2024\/10\/AgaZuchowska_podpis-2048x878.png 2048w\" sizes=\"(max-width: 800px) 100vw, 800px\" \/>\t\t\t\t\t\t\t\t\t\t\t\t\t<\/div>\n\t\t\t\t<\/div>\n\t\t\t\t<\/div>\n\t\t\t\t\t<\/div>\n\t\t\t\t<\/div>\n\t\t\t\t<\/div>\n\t\t","protected":false},"excerpt":{"rendered":"<p>To przyjemno\u015b\u0107 go\u015bci\u0107 ci\u0119 w tej przestrzeni. Nazywam si\u0119 Agnieszka \u017buchowska i jestem projektantem wn\u0119trz, specjalizuj\u0105cym si\u0119 w tworzeniu unikalnych i harmonijnych miejsc. Moje projekty \u0142\u0105cz\u0105 nowoczesny design z indywidualnym stylem ka\u017cdego klienta, gdzie elegancja spotyka funkcjonalno\u015b\u0107. Z pasj\u0105 \u015bledz\u0119 najnowsze trendy i dbam o najdrobniejsze detale, przekszta\u0142caj\u0105c marzenia w rzeczywisto\u015b\u0107. Tworz\u0119 przestrzenie, w kt\u00f3rych [&hellip;]<\/p>\n","protected":false},"author":1,"featured_media":0,"parent":0,"menu_order":0,"comment_status":"closed","ping_status":"closed","template":"","meta":{"footnotes":""},"class_list":["post-35","page","type-page","status-publish","hentry"],"_links":{"self":[{"href":"https:\/\/agazuchowska.design\/index.php?rest_route=\/wp\/v2\/pages\/35","targetHints":{"allow":["GET"]}}],"collection":[{"href":"https:\/\/agazuchowska.design\/index.php?rest_route=\/wp\/v2\/pages"}],"about":[{"href":"https:\/\/agazuchowska.design\/index.php?rest_route=\/wp\/v2\/types\/page"}],"author":[{"embeddable":true,"href":"https:\/\/agazuchowska.design\/index.php?rest_route=\/wp\/v2\/users\/1"}],"replies":[{"embeddable":true,"href":"https:\/\/agazuchowska.design\/index.php?rest_route=%2Fwp%2Fv2%2Fcomments&post=35"}],"version-history":[{"count":37,"href":"https:\/\/agazuchowska.design\/index.php?rest_route=\/wp\/v2\/pages\/35\/revisions"}],"predecessor-version":[{"id":243,"href":"https:\/\/agazuchowska.design\/index.php?rest_route=\/wp\/v2\/pages\/35\/revisions\/243"}],"wp:attachment":[{"href":"https:\/\/agazuchowska.design\/index.php?rest_route=%2Fwp%2Fv2%2Fmedia&parent=35"}],"curies":[{"name":"wp","href":"https:\/\/api.w.org\/{rel}","templated":true}]}}